7 = 296350. Is q composite?
False
Let a = 1238112 - 839143. Is a a prime number?
True
Let b be 64/24*6/4. Suppose -b*s - 1 = 11, 0 = 2*r + 4*s - 142. Is r a prime number?
False
Let n(z) = 75*z**2 + 2*z - 4. Let s be n(-3). Suppose -4*i = t - 179 + 27, -5*t - i = -s. Suppose 561 = 9*y - t. Is y a composite number?
True
Let x(d) = 3*d**3 + 2*d + 42. Let m be x(9). Let h = m + 6826. Is h prime?
False
Suppose 5*c - 461350 = -5*m, 0 = -2*c - 36*m + 35*m + 184539. Is c prime?
True
Suppose -2*a = -5*p + 171877, -3*a = 7*p - 9*p + 68764. Is p composite?
True
Suppose -14*u + 608647 = -811639. Is u prime?
True
Let t = -30838 + 16346. Is 6 - 2*t/8 prime?
False
Let o(a) = 2*a**3 - 20*a**2 + 19*a + 2. Let r be o(9). Let y(t) = 3*t - 29. Let m be y(r). Suppose m*j = 1679 - 123. Is j a prime number?
True
Let y be 4/(-4 + (3 - -3)). Suppose 18 = -j + 5*s - 0, 2*s = 5*j - y. Suppose d - 223 - 75 = -v, -j*d + 6 = 0. Is v a composite number?
True
Let y = -329 + 338. Suppose 2*u - 2578 = 11*g - y*g, 2*g - 6417 = -5*u. Is u prime?
False
Let w(c) = -5*c**2 - 39*c + 49. Let x(s) = -3*s**2 - 26*s + 33. Let n(a) = -5*w(a) + 8*x(a). Suppose 8*h + 58 = -38. Is n(h) a prime number?
False
Suppose -4 = d + 5*f - 8*f, 0 = d - f. Suppose -4*r + 47118 = -d*l, -5*r - 1239 = l - 60119. Is r prime?
True
Suppose -9*s + 21574 = -16*s. Let c = 4563 + s. Is c a composite number?
False
Let y(l) = -l. Let z = -44 + 43. Let s(i) = -290*i - 5. Let w(p) = z*s(p) + y(p). Is w(2) a prime number?
False
Suppose -27*f + 11*f = 2288. Let h = 726 + f. Is h a prime number?
False
Let q(m) = -24*m**2 + 30*m + 3. Let y(a) = -96*a**2 + 119*a + 12. Let k(o) = -9*q(o) + 2*y(o). Is k(17) a prime number?
True
Let p = -626 - 3674. Let s = -449 - p. Suppose -5*y + 3*f - 6*f = -s, 5*f - 3855 = -5*y. Is y a composite number?
False
Suppose 0 = y + 5*k - 1176769, 3*y + 11*k = 13*k + 3530375. Is y a prime number?
False
Suppose 0 = 30*o - 798795 - 989895. Is o a prime number?
False
Let m(a) = -2*a**3 + 18*a**2 - 16*a - 39. Let y be m(15). Let i = y + 5032. Is i prime?
True
Let k(w) = -w**2 - 12*w - 17. Let g be k(-10). Suppose -4*h + g*o = -10691, -2*h + o + 5333 = 2*o. Is h composite?
True
Suppose 0 = 4746*v - 4808*v + 27450686. Is v prime?
True
Let i(h) = -3543*h**3 - 2*h**2 - 2*h + 3. Suppose -70*c + 3*d = -69*c + 11, -3*d + 5 = 2*c. Is i(c) prime?
False
Suppose -22*v + 7*v = -503850. Suppose 9*s - 19*s = -v. Is s a composite number?
False
Suppose -i - 35 + 41 = 0. Suppose 0 = -6*l - i. Is -1*(2 - l) - -680 a prime number?
True
Suppose 2*m - u = -0*m + 9, -5*m + 2*u + 21 = 0. Suppose 9387 = 6*h + m*h. Is h a prime number?
False
Suppose 5*r + 13 = -27. Let n be (-72176)/r*1/(-2 + 4). Let k = n - 1854. Is k composite?
False
Is 4106727/45 - 6/(-15) a composite number?
True
Suppose 8*k = 3*k + 3*h + 18, k + 2*h - 1 = 0. Suppose -2*w + o = -27295, k*w - 36291 - 4662 = -2*o. Is w a composite number?
False
Suppose -2*n = -g + 44, n = -g - 3*g + 140. Let b = 38 - g. Suppose b*l - 1839 = -l. Is l a composite number?
False
Let p(r) = 2*r**3 - 5*r**2 + 13*r - 11. Let d be 0*(-3)/(2 - 11). Suppose d = -5*n + 5*a + 45, 5*n + a = 15 + 24. Is p(n) composite?
False
Suppose 64*f - 308 = -2*y + 59*f, -5*y = 5*f - 755. Is y prime?
True
Let f(p) = 8*p**3 - 4*p**2 - 12*p + 13. Let v be f(5). Let n = v - 272. Is n a composite number?
True
Let i(l) = 890*l + 151. Is i(30) a prime number?
False
Suppose -5*b + 849675 = 5*u, -7*b - 679684 = -11*b + 3*u. Is b a composite number?
True
Suppose -5*g - 2*b = -157183, -2*g + 449*b - 452*b = -62860. Is g a prime number?
False
Suppose h - 39514 = 40849. Is h a prime number?
True
Let t be -2694 + (6 - (-5 + 15)). Let o = -1716 - t. Is o a prime number?
False
Let i(v) = -1180*v - 43. Let o(j) = -2*j**2 - 18*j - 22. Let h be o(-8). Is i(h) a composite number?
True
Let p be 6/(-57) + (-17384892)/(-57). Suppose 6*h - 12*h = -p. Is h composite?
False
Suppose -2*g = -6 - 22. Let c(m) = -13 + 14*m**2 + 15*m - g + 32. Is c(-6) composite?
False
Suppose -20 = 3*g - 5*g. Let m = -10 + g. Suppose 4*p - 4 = m, 0 = 5*w - 0*w + p - 111. Is w prime?
False
Is 46110476/78 + (-90)/(-1755) + 1 prime?
True
Let x = -11596 + 16870. Let s = 240 - -3377. Let w = x - s. Is w a composite number?
False
Is 1*(5 - (-9 - 553635) - 6) a composite number?
False
Let m = -303 - -306. Suppose -5*i + 12391 = 5*j - 6*i, 3*j - m*i = 7425. Is j a composite number?
True
Let z be 1/2*-4*(-2766)/4. Suppose -3*u + 2*k = z, -k + 4*k - 2305 = 5*u. Let q = 1228 + u. Is q prime?
False
Let b = 107 - 103. Suppose 4 + 0 = u. Is u + b + 972 + 5 prime?
False
Suppose 3*c + 60 = 8*c. Suppose -2*d = d - c. Is (d - 1) + -4 + 398 a composite number?
False
Is 74342*((-2)/(-1) + 6*(-8)/32) prime?
True
Suppose -2*r + 0*b + 3*b = 15, -2*b + 10 = 0. Suppose 5*t = 0, r = -n - 4*t + 3*t + 426. Suppose -k + n + 53 = 0. Is k composite?
False
Let h(l) = l**3 - 9*l**2 + 2*l - 13. Let m be h(9). Let i(q) = 177*q - 7. Let y be i(m). Let n = y + -197. Is n a composite number?
True
Let q = 85 + -104. Is q/(-34)*12174 + 8/(-68) composite?
False
Let q be ((-5894)/(-28))/((-1)/(-72)). Suppose 6 = -2*s, -q = -m + 2*s + 5621. Is m a composite number?
False
Let p be (4/2 - 2)/(-49 - -46). Suppose 105*r - 104*r - 4483 = p. Is r prime?
True
Let r = -56 + 59. Is -4244*((-9)/r)/6 prime?
False
Let p = 6502 + -4561. Is p a prime number?
False
Let k(u) = 977*u**2 - 126*u - 1843. Is k(-20) a prime number?
False
Let x = 24813 - 7612. Is x a prime number?
False
Let i(o) = 32*o**2 - 10*o - 7. Let h(g) = g**2 + g + 1. Let l(a) = -2*h(a) - i(a). Let p be l(-7). Let w = p - -3016. Is w a composite number?
True
Is 12/(-9)*1887675/(-50) prime?
False
Let c = -199 + 295. Let l = c - 89. Let o(j) = 7*j**2 + 6*j + 28. Is o(l) composite?
True
Let z(u) = -51*u**3 - 8*u**2 - 10*u - 6. Let d be z(-4). Let r = -1801 + d. Is r prime?
False
Let q = 2729 + 1231. Let y = q + -1039. Is y a prime number?
False
Suppose -22*g + 14*g = -16. Suppose -g + 14 = -4*l, 4*f + 5 = l. Is (1 + -3863)*f/4*1 a composite number?
False
Let x(m) = -m**3 + 4*m**2 + 12*m + 5. Let i be x(6). Suppose -p + g = 2*p + 2, -3*g = -4*p - 11. Is 18/9*i/p a prime number?
False
Let r = -13 + 48. Suppose -h - 36 = -r. Is -1 + (379/(-1))/h - -1 a composite number?
False
Let r be (15099/84)/(2/(-136)). Let g = r - -19374. Is g a prime number?
True
Suppose 8*h = 3*h + 3*f + 14, -f = -3*h + 10. Suppose -8 = -2*p - 2*g, 0*p - h = 2*p - g. Is p + (-12)/4 - -122 composite?
True
Let r(w) = -645*w**3 + 4*w**2 + 2*w - 14. Is r(-2) a composite number?
True
Let o = 263 - 259. Suppose o*l + 29270 = 14*l. Is l a prime number?
True
Let b(c) = 41380*c - 521. Is b(4) a prime number?
True
Suppose -4*j = 0, -11*j + 156795 = 3*f - 12*j. Suppose -2*x = 3*x, -4*x + f = 5*z. Is z composite?
False
Let k(b) = 304*b + 31. Let d be (3 + -2)/((-32)/(-30) + -1). Is k(d) prime?
True
Is (14/(364/4546126))/1 prime?
True
Suppose 1613303 = -18*r + 107*r. Is r prime?
True
Suppose -112 = -9*w + 5*w. Suppose 4*b + x = w, 0 = 3*b - 4*x - 24 - 16. Suppose b*p - 10*p = -718. Is p composite?
False
Let v = 47 - 47. Suppose v = b + 2607 - 7504. Is b a composite number?
True
Is (172054/(-10))/((-50)/250) a prime number?
True
Let o = -6669 + 10904. Let r be 6*1*(-38)/(-57) + -1844. Let q = r + o. Is q a composite number?
True
Let w(q) = -5181*q + 1. Let j be w(-1). Suppose -20*z - 105 + 102 = -63. Suppose -5*g + 4*o = -j - 20, -5*g + z*o = -5204. Is g prime?
False
Let a be -5 + (-1 - (-7 + -1)). Suppose -3*d = -15, d = 3*o - a*d - 4974. Is o a composite number?
False
Let n(j) be the third derivative of j**8/560 + j**6/720 + j**5/5 - j**2. Let t(m) be the third derivative of n(m). Is t(1) composite?
False
Suppose 220467 = -17*o + 40*o - 23862. Is o a prime number?
False
Suppose -4*x + 9*x + 934 = 198839. Is x a composite number?
False
Let b(m) = -15*m**3 - 9 - 8*m**3 + 37*m**2 - 18*m + 4*m**3 - 45*m**2. Is b(-4) prime?
True
Let n = 15469 + -5462. Is n prime?
True
Is 7/(-10)*-140801 + 465/1550 prime?
True
Let m(y) be the first derivative of y**4/4 - 2*y**3 + 7*y**2/2 + 1. Let l be m(6). Suppose -1479 = -i - l. Is i a composite number?
True
Suppose 3*r - 600646 = -17*r + 14680374. Is r prime?
True
Suppose -5151 = -198*w + 197*w + 4*n, 0 = n + 1. Is w prime?
True
Suppose 3*